{"version":"1.0","type":"rich","width":"560px","height":"140px","title":"NON-FICTION 2022: Debata: By\u0107 sob\u0105 we w\u0142asnym domu. - Debata: By\u0107 sob\u0105 we w\u0142asnym domu.","url":"https:\/\/nonfiction.pl\/bez-kategorii\/non-fiction-2022-debata-byc-soba-we-wlasnym-domu\/","author_name":"Festiwal Reporta\u017cu NON-FICTION - Zapis spotka\u0144 w ramach Festiwalu Reporta\u017cu NON-FICTION oraz cyklu #opartenafaktach","author_url":"https:\/\/nonfiction.pl","thumbnail_url":"https:\/\/nonfiction.pl\/wp-content\/uploads\/2023\/02\/Debata-byc-soba.png","html":"<iframe width=\"560px\" height=\"140px\" src=\"https:\/\/nonfiction.pl\/bez-kategorii\/non-fiction-2022-debata-byc-soba-we-wlasnym-domu\/?standalonePlayer\"><\/iframe>"}

NON-FICTION 2022: Debata: Być sobą we własnym domu. - Debata: Być sobą we własnym domu.

Festiwal Reportażu NON-FICTION - Zapis spotkań w ramach Festiwalu Reportażu NON-FICTION oraz cyklu #opartenafaktach
