{"version":"1.0","type":"rich","width":"560px","height":"140px","title":"NON-FICTION 2020: Miasto naznaczone. Marcin K\u0105cki, \u201eO\u015bwi\u0119cim. Czarna zima\u201d","url":"https:\/\/nonfiction.pl\/bez-kategorii\/non-fiction-2020-miasto-naznaczone-marcin-kacki-oswiecim-czarna-zima\/","author_name":"Festiwal Reporta\u017cu NON-FICTION - Zapis spotka\u0144 w ramach Festiwalu Reporta\u017cu NON-FICTION oraz cyklu #opartenafaktach","author_url":"https:\/\/nonfiction.pl","thumbnail_url":null,"html":"<iframe width=\"560px\" height=\"140px\" src=\"https:\/\/nonfiction.pl\/bez-kategorii\/non-fiction-2020-miasto-naznaczone-marcin-kacki-oswiecim-czarna-zima\/?standalonePlayer\"><\/iframe>"}

NON-FICTION 2020: Miasto naznaczone. Marcin Kącki, „Oświęcim. Czarna zima”

Festiwal Reportażu NON-FICTION - Zapis spotkań w ramach Festiwalu Reportażu NON-FICTION oraz cyklu #opartenafaktach
